{"id":228,"date":"2020-12-04T10:45:34","date_gmt":"2020-12-04T09:45:34","guid":{"rendered":"http:\/\/www.heventi.it\/?page_id=228"},"modified":"2020-12-04T11:44:02","modified_gmt":"2020-12-04T10:44:02","slug":"verona-si-rialza-sedendosi-a-tavola","status":"publish","type":"page","link":"https:\/\/www.heventi.it\/?page_id=228","title":{"rendered":"VERONA SI RIALZA SEDENDOSI A TAVOLA"},"content":{"rendered":"<div class=\"wpb-content-wrapper\"><p>[vc_row][vc_column][vc_column_text]<\/p>\n<p class=\"p1\" style=\"text-align: center;\">Chef Party, l\u2019agenzia Madcom con HEventi! e Palazzo Verit\u00e0 Poeta, hanno voluto organizzare la prima cena post lockdown, un\u00a0messaggio di ottimismo verso il futuro che parte dalla citt\u00e0 e dai suoi imprenditori.<\/p>\n<p class=\"p1\" style=\"text-align: center;\">Il 9 luglio 2020 nel cuore della citt\u00e0, a Palazzo Verit\u00e0 Poeta, gli organizzatori sono riusciti a\u00a0realizzare una serata conviviale durante la quale condividere spunti e idee per il\u00a0futuro, un momento reso possibile anche grazie alla disponibilit\u00e0 dei partner\u00a0aderenti. Il men\u00f9, ideato da Chef Party, ha visto la partecipazione di tre ospiti illustri\u00a0della cucina veronese: lo chef stellato Mauro Buffo del ristorante \u201c12 Apostoli\u201d, lo\u00a0chef Rudy Casalini e il pasticciere Luigi Martini. La cena \u00e8 stata il momento\u00a0giusto per far incontrare professionisti e imprenditori veronesi, in un clima\u00a0amichevole, tutti hanno accolto l\u2019invito conviviale per rivedersi e scambiare quattro\u00a0chiacchiere.\u00a0Uno slancio di positivit\u00e0 verso il futuro\u00a0che parte dritto dal cuore pulsante di Verona, tra le aziende che hanno partecipato\u00a0alla serata ci sono: Chef Party, Palazzo Verit\u00e0 Poeta, il Gruppo\u00a0Editoriale Athesis, Garden Floridea, Elisa Marai, Angela Booloni con Lab d\u2019Elite,\u00a0Flavio Martini, Pescherie Viviani e Cantine Zenato, Rohd Studio, Garden Floridea,\u00a0Associazione Italiana Sommelier, Aktwell e Bartenders.<\/p>\n<p>&nbsp;<\/p>\n<p>&nbsp;<\/p>\n<p><a href=\"http:\/\/www.heventi.it\/wp-content\/uploads\/2020\/12\/9.jpg\">\u00a0<\/a>[\/vc_column_text][vc_column_text]<\/p>\n<div style=\"width: 1920px;\" class=\"wp-video\"><!--[if lt IE 9]><script>document.createElement('video');<\/script><![endif]-->\n<video class=\"wp-video-shortcode\" id=\"video-228-1\" width=\"1920\" height=\"1080\" poster=\"http:\/\/www.heventi.it\/wp-content\/uploads\/2020\/12\/VERONA-SI-RIALZA-04-menu-a-cura-di-Chef-Party-comunicazione-a-cura-di-Madcom.jpeg\" preload=\"metadata\" controls=\"controls\"><source type=\"video\/mp4\" src=\"http:\/\/www.heventi.it\/wp-content\/uploads\/2020\/12\/Video-Verono-si-rialza_1.mp4?_=1\" \/><a href=\"http:\/\/www.heventi.it\/wp-content\/uploads\/2020\/12\/Video-Verono-si-rialza_1.mp4\">http:\/\/www.heventi.it\/wp-content\/uploads\/2020\/12\/Video-Verono-si-rialza_1.mp4<\/a><\/video><\/div>\n<p>[\/vc_column_text][\/vc_column][\/vc_row][vc_row][vc_column width=&#8221;1\/2&#8243;][vc_column_text]<a href=\"http:\/\/www.heventi.it\/wp-content\/uploads\/2020\/12\/33.jpg\"><img loading=\"lazy\" decoding=\"async\" class=\"wp-image-242 aligncenter\" src=\"http:\/\/www.heventi.it\/wp-content\/uploads\/2020\/12\/33-300x200.jpg\" alt=\"- 33\" width=\"350\" height=\"233\" srcset=\"https:\/\/www.heventi.it\/wp-content\/uploads\/2020\/12\/33-300x200.jpg 300w, https:\/\/www.heventi.it\/wp-content\/uploads\/2020\/12\/33-768x512.jpg 768w, https:\/\/www.heventi.it\/wp-content\/uploads\/2020\/12\/33-1024x683.jpg 1024w, https:\/\/www.heventi.it\/wp-content\/uploads\/2020\/12\/33-530x353.jpg 530w, https:\/\/www.heventi.it\/wp-content\/uploads\/2020\/12\/33-760x507.jpg 760w, https:\/\/www.heventi.it\/wp-content\/uploads\/2020\/12\/33.jpg 1920w\" sizes=\"auto, (max-width: 350px) 100vw, 350px\" \/><\/a><\/p>\n<p><a href=\"http:\/\/www.heventi.it\/wp-content\/uploads\/2020\/12\/8.jpg\"><img loading=\"lazy\" decoding=\"async\" class=\"wp-image-240 aligncenter\" src=\"http:\/\/www.heventi.it\/wp-content\/uploads\/2020\/12\/8-300x200.jpg\" alt=\"- 8\" width=\"351\" height=\"234\" srcset=\"https:\/\/www.heventi.it\/wp-content\/uploads\/2020\/12\/8-300x200.jpg 300w, https:\/\/www.heventi.it\/wp-content\/uploads\/2020\/12\/8-768x512.jpg 768w, https:\/\/www.heventi.it\/wp-content\/uploads\/2020\/12\/8-1024x683.jpg 1024w, https:\/\/www.heventi.it\/wp-content\/uploads\/2020\/12\/8-440x295.jpg 440w, https:\/\/www.heventi.it\/wp-content\/uploads\/2020\/12\/8-530x353.jpg 530w, https:\/\/www.heventi.it\/wp-content\/uploads\/2020\/12\/8-760x507.jpg 760w, https:\/\/www.heventi.it\/wp-content\/uploads\/2020\/12\/8.jpg 1920w\" sizes=\"auto, (max-width: 351px) 100vw, 351px\" \/><\/a><\/p>\n<p><a href=\"http:\/\/www.heventi.it\/wp-content\/uploads\/2020\/12\/36.jpg\"><img loading=\"lazy\" decoding=\"async\" class=\" wp-image-243 aligncenter\" src=\"http:\/\/www.heventi.it\/wp-content\/uploads\/2020\/12\/36-300x200.jpg\" alt=\"- 36\" width=\"354\" height=\"236\" srcset=\"https:\/\/www.heventi.it\/wp-content\/uploads\/2020\/12\/36-300x200.jpg 300w, https:\/\/www.heventi.it\/wp-content\/uploads\/2020\/12\/36-768x512.jpg 768w, https:\/\/www.heventi.it\/wp-content\/uploads\/2020\/12\/36-1024x683.jpg 1024w, https:\/\/www.heventi.it\/wp-content\/uploads\/2020\/12\/36-440x295.jpg 440w, https:\/\/www.heventi.it\/wp-content\/uploads\/2020\/12\/36-530x353.jpg 530w, https:\/\/www.heventi.it\/wp-content\/uploads\/2020\/12\/36-760x507.jpg 760w, https:\/\/www.heventi.it\/wp-content\/uploads\/2020\/12\/36.jpg 1920w\" sizes=\"auto, (max-width: 354px) 100vw, 354px\" \/><\/a><\/p>\n<p><a href=\"http:\/\/www.heventi.it\/wp-content\/uploads\/2020\/12\/8.jpg\"><img loading=\"lazy\" decoding=\"async\" class=\" wp-image-240 aligncenter\" src=\"http:\/\/www.heventi.it\/wp-content\/uploads\/2020\/12\/8-300x200.jpg\" alt=\"- 8\" width=\"354\" height=\"236\" srcset=\"https:\/\/www.heventi.it\/wp-content\/uploads\/2020\/12\/8-300x200.jpg 300w, https:\/\/www.heventi.it\/wp-content\/uploads\/2020\/12\/8-768x512.jpg 768w, https:\/\/www.heventi.it\/wp-content\/uploads\/2020\/12\/8-1024x683.jpg 1024w, https:\/\/www.heventi.it\/wp-content\/uploads\/2020\/12\/8-440x295.jpg 440w, https:\/\/www.heventi.it\/wp-content\/uploads\/2020\/12\/8-530x353.jpg 530w, https:\/\/www.heventi.it\/wp-content\/uploads\/2020\/12\/8-760x507.jpg 760w, https:\/\/www.heventi.it\/wp-content\/uploads\/2020\/12\/8.jpg 1920w\" sizes=\"auto, (max-width: 354px) 100vw, 354px\" \/><\/a><\/p>\n<p>[\/vc_column_text][\/vc_column][vc_column width=&#8221;1\/2&#8243;][vc_column_text]<a href=\"http:\/\/www.heventi.it\/wp-content\/uploads\/2020\/12\/unnamed-file.jpg\"><img loading=\"lazy\" decoding=\"async\" class=\"wp-image-248 aligncenter\" src=\"http:\/\/www.heventi.it\/wp-content\/uploads\/2020\/12\/unnamed-file-300x200.jpg\" alt=\"-\" width=\"354\" height=\"236\" srcset=\"https:\/\/www.heventi.it\/wp-content\/uploads\/2020\/12\/unnamed-file-300x200.jpg 300w, https:\/\/www.heventi.it\/wp-content\/uploads\/2020\/12\/unnamed-file-768x512.jpg 768w, https:\/\/www.heventi.it\/wp-content\/uploads\/2020\/12\/unnamed-file-1024x683.jpg 1024w, https:\/\/www.heventi.it\/wp-content\/uploads\/2020\/12\/unnamed-file-440x295.jpg 440w, https:\/\/www.heventi.it\/wp-content\/uploads\/2020\/12\/unnamed-file-530x353.jpg 530w, https:\/\/www.heventi.it\/wp-content\/uploads\/2020\/12\/unnamed-file-760x507.jpg 760w, https:\/\/www.heventi.it\/wp-content\/uploads\/2020\/12\/unnamed-file.jpg 1920w\" sizes=\"auto, (max-width: 354px) 100vw, 354px\" \/><\/a><\/p>\n<p><a href=\"http:\/\/www.heventi.it\/wp-content\/uploads\/2020\/12\/68.jpg\"><img loading=\"lazy\" decoding=\"async\" class=\" wp-image-247 aligncenter\" src=\"http:\/\/www.heventi.it\/wp-content\/uploads\/2020\/12\/68-300x200.jpg\" alt=\"- 68\" width=\"354\" height=\"236\" srcset=\"https:\/\/www.heventi.it\/wp-content\/uploads\/2020\/12\/68-300x200.jpg 300w, https:\/\/www.heventi.it\/wp-content\/uploads\/2020\/12\/68-768x512.jpg 768w, https:\/\/www.heventi.it\/wp-content\/uploads\/2020\/12\/68-1024x683.jpg 1024w, https:\/\/www.heventi.it\/wp-content\/uploads\/2020\/12\/68-440x295.jpg 440w, https:\/\/www.heventi.it\/wp-content\/uploads\/2020\/12\/68-530x353.jpg 530w, https:\/\/www.heventi.it\/wp-content\/uploads\/2020\/12\/68-760x507.jpg 760w, https:\/\/www.heventi.it\/wp-content\/uploads\/2020\/12\/68.jpg 1920w\" sizes=\"auto, (max-width: 354px) 100vw, 354px\" \/><\/a><\/p>\n<p><a href=\"http:\/\/www.heventi.it\/wp-content\/uploads\/2020\/12\/67.jpg\"><img loading=\"lazy\" decoding=\"async\" class=\"wp-image-246 aligncenter\" src=\"http:\/\/www.heventi.it\/wp-content\/uploads\/2020\/12\/67-300x200.jpg\" alt=\"- 67\" width=\"354\" height=\"236\" srcset=\"https:\/\/www.heventi.it\/wp-content\/uploads\/2020\/12\/67-300x200.jpg 300w, https:\/\/www.heventi.it\/wp-content\/uploads\/2020\/12\/67-768x512.jpg 768w, https:\/\/www.heventi.it\/wp-content\/uploads\/2020\/12\/67-1024x683.jpg 1024w, https:\/\/www.heventi.it\/wp-content\/uploads\/2020\/12\/67-440x295.jpg 440w, https:\/\/www.heventi.it\/wp-content\/uploads\/2020\/12\/67-530x353.jpg 530w, https:\/\/www.heventi.it\/wp-content\/uploads\/2020\/12\/67-760x507.jpg 760w, https:\/\/www.heventi.it\/wp-content\/uploads\/2020\/12\/67.jpg 1920w\" sizes=\"auto, (max-width: 354px) 100vw, 354px\" \/><\/a><\/p>\n<p><a href=\"http:\/\/www.heventi.it\/wp-content\/uploads\/2020\/12\/51.jpg\"><img loading=\"lazy\" decoding=\"async\" class=\" wp-image-245 aligncenter\" src=\"http:\/\/www.heventi.it\/wp-content\/uploads\/2020\/12\/51-300x200.jpg\" alt=\"- 51\" width=\"354\" height=\"236\" srcset=\"https:\/\/www.heventi.it\/wp-content\/uploads\/2020\/12\/51-300x200.jpg 300w, https:\/\/www.heventi.it\/wp-content\/uploads\/2020\/12\/51-768x512.jpg 768w, https:\/\/www.heventi.it\/wp-content\/uploads\/2020\/12\/51-1024x683.jpg 1024w, https:\/\/www.heventi.it\/wp-content\/uploads\/2020\/12\/51-440x295.jpg 440w, https:\/\/www.heventi.it\/wp-content\/uploads\/2020\/12\/51-530x353.jpg 530w, https:\/\/www.heventi.it\/wp-content\/uploads\/2020\/12\/51-760x507.jpg 760w, https:\/\/www.heventi.it\/wp-content\/uploads\/2020\/12\/51.jpg 1920w\" sizes=\"auto, (max-width: 354px) 100vw, 354px\" \/><\/a><\/p>\n<p>[\/vc_column_text][\/vc_column][\/vc_row]<\/p>\n<div class=\"clearfix\"><\/div><\/div>","protected":false},"excerpt":{"rendered":"<p>[vc_row][vc_column][vc_column_text] Chef Party, l\u2019agenzia Madcom con HEventi! e Palazzo Verit\u00e0 Poeta, hanno voluto organizzare la prima cena post lockdown, un\u00a0messaggio di ottimismo verso il futuro che parte dalla citt\u00e0 e dai suoi imprenditori. Il 9 luglio 2020 nel cuore della citt\u00e0, a Palazzo Verit\u00e0 Poeta, gli organizzatori sono riusciti a\u00a0realizzare una serata conviviale durante la [&hellip;]<\/p>\n","protected":false},"author":2,"featured_media":0,"parent":0,"menu_order":0,"comment_status":"closed","ping_status":"closed","template":"","meta":{"footnotes":""},"class_list":["post-228","page","type-page","status-publish","hentry"],"_links":{"self":[{"href":"https:\/\/www.heventi.it\/index.php?rest_route=\/wp\/v2\/pages\/228","targetHints":{"allow":["GET"]}}],"collection":[{"href":"https:\/\/www.heventi.it\/index.php?rest_route=\/wp\/v2\/pages"}],"about":[{"href":"https:\/\/www.heventi.it\/index.php?rest_route=\/wp\/v2\/types\/page"}],"author":[{"embeddable":true,"href":"https:\/\/www.heventi.it\/index.php?rest_route=\/wp\/v2\/users\/2"}],"replies":[{"embeddable":true,"href":"https:\/\/www.heventi.it\/index.php?rest_route=%2Fwp%2Fv2%2Fcomments&post=228"}],"version-history":[{"count":14,"href":"https:\/\/www.heventi.it\/index.php?rest_route=\/wp\/v2\/pages\/228\/revisions"}],"predecessor-version":[{"id":269,"href":"https:\/\/www.heventi.it\/index.php?rest_route=\/wp\/v2\/pages\/228\/revisions\/269"}],"wp:attachment":[{"href":"https:\/\/www.heventi.it\/index.php?rest_route=%2Fwp%2Fv2%2Fmedia&parent=228"}],"curies":[{"name":"wp","href":"https:\/\/api.w.org\/{rel}","templated":true}]}}